k) = -22*k + 71. Let t be r(3). Calculate z(t).
-10
Let c be 2*4/(-8) + 5. Suppose -c*v = -0*v - 32. Let o(g) = 0*g - 9 + v - g. Determine o(3).
-4
Let u(a) be the second derivative of 0 + 2*a**2 - 4*a + 1/3*a**3. Let b = 1 - 4. Determine u(b).
-2
Let h(x) = -x**3 - x**2 - 4*x + 3. Let c = 230 + -128. Let n = c - 100. What is h(n)?
-17
Let n(s) = 25522 - 4*s - 51049 + 25534 + 3*s. Suppose -4*f + 29 = 5*g, 3*g - 22 = -3*f - g. Give n(f).
1
Let m(x) = x**3 - 2*x**2 - 5*x - 7. Let n be m(4). Suppose -t - 1 = 0, n*t = -4*r - 56 + 19. Let u(c) = c**3 + 7*c**2 - 10*c - 10. What is u(r)?
6
Let r(b) be the third derivative of 5*b**4/24 - 7*b**3/2 - 3*b**2 - 12. Determine r(6).
9
Let p(l) = -l**3 + 6*l**2 - 4*l + 6. Suppose 19*f = 14*f + 25. What is p(f)?
11
Let l(s) = 3*s**2 + 2*s. Let a(c) = -c - 1. Let o(r) = 16 - 3*r + 4*r - 16. Let d be o(1). Let p(v) = d*l(v) - 2*a(v). Determine p(-2).
6
Let v(j) = -j**3 - 10*j**2 - 13*j - 9. Let t(f) = 19*f + 162. Let y be t(-9). Calculate v(y).
27
Let h(c) = -c**3 - 12*c**2 + 2*c + 13. Suppose 15*n + 191 = 11. Give h(n).
-11
Let i(p) = -27*p. Suppose 4 = -12*b + 13*b - 3*o, -4*o - 18 = 5*b. Give i(b).
54
Let s = -14 - -11. Let b(p) = 13 - 6 - 2*p - 2 - 8. What is b(s)?
3
Let p(y) be the second derivative of y**4/4 - y**3/3 + y**2/2 + 7*y. Let i(s) = -4*s**2 + 2*s - 2. Let t(m) = 4*i(m) + 5*p(m). What is t(3)?
-18
Let y(a) be the second derivative of -a**2 + 8*a + 0 - 1/20*a**5 + 5/12*a**4 + 0*a**3. Determine y(5).
-2
Let h(q) = -q**3 + 7*q**2 + 10*q - 16. Let k be h(8). Let g(v) = 8*v**3 - v**2. Let a be g(1). Let z(m) = -3 - 3*m + a + 2*m. Give z(k).
4
Let l(z) = 7 + 12*z**2 - 4*z**2 - 5*z + 8*z**2 - 22*z**2 + 7*z**2. Determine l(2).
1
Let y(s) be the first derivative of -s**2 - 6*s + 59. Determine y(-8).
10
Let x(u) = -u - 10. Let c(i) = 13*i + 8. Let r be c(4). Let j be (r/25)/(3/(-10)). Determine x(j).
-2
Let q(p) = -p**2 + 3*p - 3. Suppose 3 = 2*u + 7. Let r be (((-80)/12)/(-5))/u*-6. Calculate q(r).
-7
Let y(w) = 6*w**2 + 3*w. Let x = -19 - -23. Suppose -8*t - 12 = x. What is y(t)?
18
Let j(l) = -l**2 - 5*l - 3. Let t be j(-5). Let h be 15/(-5)*1/t. Let x(r) be the third derivative of -r**6/60 - r**5/30 + r**4/24 + 11*r**2. Determine x(h).
-3
Let v(u) be the first derivative of 12 + 1/2*u**2 + 10*u. Give v(-10).
0
Let z(f) = f**2 + 1. Let q = -8 + 12. Let s be 2/6*(q + -1). Let p(k) = -k**3 - 2*k**2 + k + 4. Let t(b) = s*p(b) - 2*z(b). What is t(-4)?
-2
Let k(l) = l**3 + l**2 + l + 2. Suppose 10*s - 3*s - 49 = 0. Suppose -12 = s*y - y. Give k(y).
-4
Let w(l) be the first derivative of l**4/24 - l**3/2 - 13*l**2/2 - 3*l + 33. Let y(p) be the second derivative of w(p). What is y(7)?
4
Let j(f) = -7*f - 19 - f**2 - 7 - 8*f + 2. Give j(-17).
-58
Let r = 235 + -244. Let p(s) = s**3 + 8*s**2 - 8*s + 13. Calculate p(r).
4
Let i(c) = c**2 - 4*c - 3. Let l be i(4). Let a be l + 1 - 1/((-2)/(-8)). Let f(y) be the second derivative of -y**3/6 - 4*y**2 + y. Determine f(a).
-2
Let t(f) be the second derivative of f**5/20 - 5*f**4/12 - 13*f**3/6 + 4*f**2 + 269*f. What is t(7)?
15
Let w(c) = -5*c - 4. Let u(i) = -i**2 - 20*i - 102. Let k be u(-11). What is w(k)?
11
Suppose 0*d - 5 = d + c, 0 = 2*d - 4*c + 34. Let a = -8 - d. Let z(u) = 179*u + u**2 - 1 - 179*u. Determine z(a).
0
Suppose 230*p = 193*p + 740. Let k(h) = h**2 - 20*h - 5. What is k(p)?
-5
Let z(w) = w**3 - w**2 + w - 2. Let c(k) = 6*k**2 + 8*k + 1. Let m(d) = c(d) - z(d). Determine m(8).
-5
Suppose 0*j - 11 = 5*c - 2*j, 13 = -5*c + j. Let x be 14/c + (-2)/6. Let n(k) = 6*k**3 + 5*k - 47*k**2 - 5*k**3 + 28*k**2 - 5 + 25*k**2. Calculate n(x).
-5
Let m be ((-12)/18)/(4 + 344/(-84)). Let h(p) = p**3 - 7*p**2 + p - 2. Calculate h(m).
5
Suppose 51*n - 63*n = -48. Let c(h) = -h**2 - h + 8. What is c(n)?
-12
Let k(t) = -5*t + 10. Let a be (-14)/(-2) - (34 - 40). Give k(a).
-55
Let j(l) = 5*l**3 + 3*l**2 + 5*l - 3. Let v(u) = 13*u**3 + 6*u**2 + 10*u - 7. Let m(c) = 5*j(c) - 2*v(c). Give m(5).
-26
Suppose 5*x - 5*f + 138 = 118, x = -4*f - 4. Let t(j) = 10*j + 36. What is t(x)?
-4
Suppose 4*f - 4 = -2*g + 10, 4*f - 5*g = -7. Let a(q) be the second derivative of 0 - 4*q + 1/2*q**f + 1/6*q**3 - 1/4*q**4. Calculate a(-1).
-3
Let q(k) = -2*k**3 - 2*k**2 + 2*k + 1. Let b be 8/20*-2*-5. Let j be (-6)/b - (-33)/6. Let a be -2 + (4 - (j - 0)). Give q(a).
5
Let d(q) be the first derivative of -q**4/4 + q - 53. Let m = -1 - 0. What is d(m)?
2
Let k(b) = -4*b**2 + 6*b**2 + 16 - 3*b**2 + 0*b**2 - 10 - 11*b. Determine k(-11).
6
Let n(c) be the third derivative of -13*c**6/120 + c**3/6 + 4*c**2 + 10*c. Calculate n(1).
-12
Let o(l) = -l + 28. Let j be o(18). Suppose 4*k = -k + j. Let d(n) = -2*n**2 + 3*n - 2. Give d(k).
-4
Let y(a) = -3*a**3 - 3*a**2 - 7*a + 2. Let s(j) = j**3 - j**2. Let h(p) = 4*s(p) + y(p). Give h(8).
10
Suppose 4*t = -0*g - 3*g, -24 = -3*g + 4*t. Let d(s) = -s**3 + 4*s**2 + 4*s - 3. Give d(g).
13
Let o(d) = 5*d**2 - 5*d + 1. Let i(b) = -b**2 + b + 1. Suppose 6*r + 24 = -0*r. Let n(f) = r*i(f) - o(f). Calculate n(0).
-5
Let p be (2 - (-2 - -2)) + -7. Let j = 0 - 7. Let h(c) = -4*c - 1. Let b(t) = -9*t - 1. Let v(n) = j*h(n) + 3*b(n). Calculate v(p).
-1
Let o(f) = -7*f - 24. Let j(i) = i + 2. Let u(b) = -6*j(b) - o(b). What is u(0)?
12
Let f(h) be the third derivative of -h**4/8 + h**2. Let o(n) = -4*n - 5. Let d be o(1). Let b(s) = -3*s - 30. Let r be b(d). Determine f(r).
9
Suppose 6*s - 22 = -52. Let d(w) = 7*w - 1. Let x(j) = 27*j - 3. Let n(y) = 15*d(y) - 4*x(y). Calculate n(s).
12
Let y(r) = r - 4. Suppose -95 = -52*j + 33*j. Calculate y(j).
1
Let c(r) be the third derivative of 0 - 6*r**2 - 1/6*r**3 + 1/60*r**5 + 0*r - 1/4*r**4. Suppose -5 = -j + 3*q, -2*j + j + 5*q + 5 = 0. What is c(j)?
-6
Let f be (-1)/(-5) - 38/(-10). Let y(w) = 2*w + 0 - 2 + 15*w. Let t(q) = 8*q - 1. Let v(m) = -13*t(m) + 6*y(m). Calculate v(f).
-7
Let s(x) = -100 - x - 97 - 103 + 396 - 107. What is s(-7)?
-4
Let h(f) be the first derivative of -7*f**2/2 + 59*f + 41. Let y be h(10). Let a(v) = v**2 + 13*v + 16. What is a(y)?
-6
Suppose 35*z = 33*z - 2. Let p(l) = -30*l**3 - l**2 - l. Give p(z).
30
Suppose 5*b + 0*b = -5*f + 20, 0 = -5*b - 2*f + 20. Let t(u) = 5*u - u - u**2 + 3 - 3*u. Calculate t(b).
-9
Let g = 41 - 37. Let p(i) be the first derivative of 4/3*i**3 + 4*i + 6 + 1/4*i**g - 3*i**2. Give p(-5).
9
Let z = 165 - 137. Let s(g) = z*g + 3 + g**2 - 10*g - 2*g**3 - 3*g - 11*g. Give s(-2).
15
Let f(z) be the first derivative of -3*z**2/2 + 26*z - 359. Calculate f(5).
11
Suppose -4*t + 3*t - 2 = 0. Let j be (4 - 8)/2 - -4. Let r(s) = -3*s**2 - 1 + 4 - s - 1 + j*s**2. What is r(t)?
0
Let h(r) = -3*r + 14. Let v be (3/2)/(103/412). Determine h(v).
-4
Let r(a) = 19 - 17 + 5*a + a - 9*a. Give r(4).
-10
Let r be ((-9)/(-6))/(36/96). Let q(k) be the second derivative of k**4/12 - k**3 + 5*k**2/2 - k. Calculate q(r).
-3
Let f(t) be the third derivative of -t**4/8 - t**3/6 - 109*t**2. What is f(-2)?
5
Let i(y) = 4 + 0 + 3 + y - 1 - 5. Let o(z) = 6*z + 2. Let v be o(-2). What is i(v)?
-9
Let x(s) = -3*s**2 + 20*s + 82. Let y be x(-3). Let j(l) = -l + 3. Calculate j(y).
8
Suppose -f + 0*f = 0. Suppose -4*r + 26 - 46 = f. Let b(j) = j**2 + 8*j - 5. What is b(r)?
-20
Let m = 39 - 56. Let g = m + 11. Let v(l) = 2787*l - 1397*l - 3 + l**2 - 1384*l. Calculate v(g).
-3
Let j(m) = 8 - m**3 + 2*m + 3*m - m**2 + 7*m**2. Let h(u) = u**2 + 3*u + 7. Let v be (11 - 5)*(-2)/4. Let i be h(v). Give j(i).
-6
Let m = -3225 + 3222. Let d(v) = v**3 + 3*v**2 + 4*v + 2. What is d(m)?
-10
Let g(d) = -18*d**2 + 1. Let j = -69 - 29. Let r = -97 - j. What is g(r)?
-17
Let n be -1 - -3 - (-3 - 23). Suppose 0*j - 3*j - n = -4*h, -28 = 4*j - 3*h. Let a(q) be the first derivative of -q**3/3 - 3*q**2/2 - 2*q + 4. What is a(j)?
-6
Let n = 37 - 22. Let w be 8/(200/n) - 26/10. Let b(o) = -2*o + 1. Give b(w).
5
Let i be (1/((-1)/(-2)))/((-12)/(-42)). Let n(s) = 1 - 1 - i - 2 - s. Determine n(-9).
0
Let n = 55 - 114. Let m = -60 - n. Let l(o) = -7*o**3 + o. Give l(m).
6
Let p(i) = -i**3 - 9*i**2 + 1. Let o = 20 - -32. Let x = o + -61. Determine p(x).
1
Let r(a) = a**2 - 3*a - 11. Let j(m) = -5*m**2 + 16*m + 55. Let g = -41 + 43. Let c(q) = g*j(q) + 11*r(q). Give c(0).
-11
Let k(i) = 12 + 61121*i**2 - i - 61122*i**2 + 7*i. 